2*x + 66. Suppose 28*p + 10 = 33*p. Suppose p*b = -i + 59. What are the prime factors of b?
2, 11
Let x(t) be the second derivative of 5*t**4/12 - t**3/6 + t**2/2 + t. Let w = -221 + 223. List the prime factors of x(w).
19
Suppose 0 = -7*u + 2*u + 4*a + 2452, -964 = -2*u - 4*a. What are the prime factors of u?
2, 61
Let l = -81 - -45. What are the prime factors of ((-837)/l)/(1/4)?
3, 31
Let i be 37/5 - 4/10. Let d = 11 - i. Suppose 0 = 4*j - d*q + 11 - 55, -2*j + 16 = -5*q. List the prime factors of j.
13
Let s(q) = -q**3 - 4*q**2 - 7*q - 4. Let b be s(-2). Suppose -4*o + 74 = b*z - 106, -2 = -z. What are the prime factors of o?
2, 11
Suppose 3*h - 48 = 4*v - h, v - 5*h + 24 = 0. Let g = 69 + v. What are the prime factors of g?
2, 3, 5
Let b be 97/2 - 11/(-22). Let y = -34 + b. What are the prime factors of y?
3, 5
Suppose 9 = -3*j, 3*j + 474 = 2*b - b. What are the prime factors of b?
3, 5, 31
List the prime factors of 4/14 + (-2780)/(-70) + -6.
2, 17
Let u = 25 + 3. Suppose -4*z = 3*x - 60, -2*x - u = -z - 6*x. List the prime factors of z.
2, 3
Suppose -25*c - 1286 = -2*k - 21*c, -4*k - 3*c + 2627 = 0. List the prime factors of k.
653
Let i(b) = b**2 - 4*b - 1. Suppose 4*x - 20 = -2*m, 5*m - m - 10 = 2*x. Let n be i(m). What are the prime factors of (2 + -20)/n - -1?
19
Let a(m) = 5*m**2 - 13*m - 17. Let x(b) = -9*b**2 + 27*b + 33. Let u(p) = 7*a(p) + 4*x(p). What are the prime factors of u(14)?
5, 11
Suppose 0 = 3*u - 1 - 32. Let g = -7 - -4. Let z = u + g. List the prime factors of z.
2
Let q = 159 - -109. List the prime factors of q.
2, 67
Suppose -5*h = -2 - 3. Let i(j) = 0 + 12*j**2 + h + j**2. List the prime factors of i(1).
2, 7
What are the prime factors of (-66)/11 + 723 + 4*1?
7, 103
List the prime factors of (53/(-2))/(5/(-590)).
53, 59
Let f = 1744 + 1075. List the prime factors of f.
2819
Let i(x) = -x**2 + 16*x + 34. Let u be i(16). Let b = 9 - 3. Suppose -4*y - b + u = 0. List the prime factors of y.
7
Suppose -52 + 12 = -4*u. Let t(l) = 4*l + 4. Let m be t(3). List the prime factors of m/40 + 556/u.
2, 7
Suppose 19*z - 6*z - 273 = 0. List the prime factors of 14/z - (1 + 1184/(-6)).
197
Let l = 1475 + -4. What are the prime factors of l?
1471
Suppose 4*c - 12 = 40. Let r = c - 6. What are the prime factors of r?
7
Let b = -2 - -443. List the prime factors of b.
3, 7
What are the prime factors of (7930/(-390))/((-2)/222)?
37, 61
Let g = -11 + 15. Suppose -4*r = -c + 130, g*r - 2*r = -3*c + 404. List the prime factors of c.
2, 67
Let v = 227 - -81. What are the prime factors of v?
2, 7, 11
Suppose -153*q + 161*q - 15856 = 0. List the prime factors of q.
2, 991
Let m = 3 + -4. What are the prime factors of 1 - m - (-51 - 6)?
59
Suppose 10*u - 1548 + 378 = 0. Suppose 3*c - u = -3*n, -c - 2 + 4 = 0. List the prime factors of n.
37
Let y be 9*-4*3/(-9). Suppose p = -2*p + y. Suppose p*s = -0*s + 88. What are the prime factors of s?
2, 11
Let p(q) = -32*q**3 + q**2 - 1. Let y = 18 - 15. Suppose y*r = 5*c + 2, -r = 3*c + r + 5. What are the prime factors of p(c)?
2
Let s = -221 + 354. Suppose -21*d + 20*d + s = 0. What are the prime factors of d?
7, 19
List the prime factors of (-1846)/1*((-75)/(-10) - 8).
13, 71
Let i = -13 - -23. Let x be (3/(-6)*i)/(-1). Suppose 4 = -x*f + 14. List the prime factors of f.
2
Suppose 0 = -f - 2*d + 311, -5*f - 382 = -2*d - 1901. List the prime factors of f.
5, 61
Let d = -1025 + 2573. Suppose 9*v = d - 315. List the prime factors of v.
137
Suppose 0 = 3*p - 3*n - 4434, 0 = n - 70 + 66. List the prime factors of p.
2, 3, 13, 19
What are the prime factors of (-5 - (5 + -2)) + 778?
2, 5, 7, 11
Suppose -4*z - 404 = -5*y + 1108, -3*y + 922 = 5*z. List the prime factors of y.
2, 19
Let t(f) = 7*f**2 + 11*f + 10. Let w be t(-8). Suppose -5*o + w = -5*n, 0*o = -2*o - 2*n + 164. List the prime factors of o.
2, 3, 13
Let o(l) = l**3 - 14*l**2 + 13*l - 3. Let p be o(13). Let h(a) = -2*a - 3. Let d be h(p). Suppose -6 = -r + d. What are the prime factors of r?
3
Let t = -247 - -419. List the prime factors of t.
2, 43
Let k(g) = 9*g**2 - 78*g + 88. List the prime factors of k(17).
29, 47
Let j(p) = 4*p**2 - 4*p + 6. Let s = -7 - -3. Let w be (2/s)/((-5)/40). What are the prime factors of j(w)?
2, 3
Let n = -1162 - -1636. List the prime factors of n.
2, 3, 79
Suppose 3*k - 134 = -z - z, -2*z = -2*k + 96. Let u be (58/(-6))/(1/3). Let w = k + u. What are the prime factors of w?
17
Let d(w) = -w**3 - 20*w**2 + 19*w + 25. Let g be 2 - ((2 - 2) + 23). What are the prime factors of d(g)?
67
Let j(l) = 477*l + 15. What are the prime factors of j(1)?
2, 3, 41
Let i(l) = -2*l**2 + 10*l + 7. Let n be i(-9). Let b(t) = -5*t**2 + 2*t + 4. Let z be b(6). Let h = z - n. What are the prime factors of h?
3
Let n(c) be the first derivative of -3*c**2 + 81*c - 8. What are the prime factors of n(-8)?
3, 43
Let q be (-6)/(-4)*-3*(-4)/(-6). Let t(w) = -55*w - 14. What are the prime factors of t(q)?
151
Let y be 2/4 + (-2)/4. Let b be ((-363)/6)/(1/(-2)). Suppose y = 5*z - b + 36. List the prime factors of z.
17
Let l = -420 + 961. What are the prime factors of l?
541
Let r = 82 - 38. Suppose -r = 15*b - 17*b. List the prime factors of b.
2, 11
Suppose 5*l - l = 8. Suppose -l*a - 3*f = -8*f - 176, 3*a - 242 = 2*f. What are the prime factors of a?
2, 3, 13
Let u(n) = -3*n**2 - 11*n + 4. Let o(f) = -7*f**2 - 23*f + 7. Let j(h) = -2*o(h) + 5*u(h). Let w = -4 + -3. What are the prime factors of j(w)?
2, 5
Suppose -2*g = -6, 3*g = 5*q - 0*g - 31. Suppose -4*b = -q*b + 48. List the prime factors of b.
2, 3
Suppose 99103 = 23*z + 1951. What are the prime factors of z?
2, 3, 11
Suppose 0 = -5*q + 3*o + 6, -2*o - 8 = -4*q + 2*o. Let u be -1 + ((-12)/(-4) - q). List the prime factors of u/8 - 415/(-20).
3, 7
Suppose -21*x + 4*c - 652 = -22*x, 643 = x + c. What are the prime factors of x?
2, 5
Let c be (-4 + 2)*435/10. Let o = 335 + c. What are the prime factors of o?
2, 31
Suppose 4*n - 1828 = -6*y + 2*y, 4*y = -2*n + 904. What are the prime factors of n?
2, 3, 7, 11
Suppose -w = 3*l + 6 - 1, -3*l - 15 = 0. Let g = w + -7. Suppose 2*d + g*d = 130. What are the prime factors of d?
2, 13
Let k be (-1 + 22)*970/15*1. Suppose 7*a - k + 308 = 0. List the prime factors of a.
2, 3, 5
Suppose -160 = -4*z + 3*z + 5*a, 307 = 2*z + 3*a. Suppose 0 = 2*k - 639 + z. List the prime factors of k.
2, 11
Let u(j) = j**2 - 29*j + 62. What are the prime factors of u(-22)?
2, 37
Let g(b) = -b**3 + 14*b**2 - b + 24. Let z be g(14). Let o = z + 15. List the prime factors of o.
5
Suppose -240*z + 234*z = -3354. What are the prime factors of z?
13, 43
Suppose x = -10*h + 6*h + 1181, 4*h = -2*x + 2358. List the prime factors of x.
11, 107
Let d(i) = 2*i**3 - 3*i**2 + i - 2. Let k be d(2). Let b(p) = -5*p - 10. Let u(y) = -5*y - 10. Let n(q) = k*u(q) - 3*b(q). List the prime factors of n(-7).
5
Suppose 16*b - 8 = 12*b. Suppose -8 = b*c, -2*t + 2 = -3*c + 10. Let m = 1 - t. List the prime factors of m.
11
Suppose g + 4*g = 0. Suppose g = -s + 58 - 0. List the prime factors of s.
2, 29
Suppose 36 = 6*q - 36. Let o(y) = -y**2 + 22*y - 26. List the prime factors of o(q).
2, 47
Let f(k) = 4*k**2 - 3*k + 1. Let x(w) = -w + 12. Let q be x(8). What are the prime factors of f(q)?
53
Suppose 0 = 5*n - 18269 - 1261. List the prime factors of n.
2, 3, 7, 31
Let t(k) = k**2 + 4*k - 8. Let j be t(-6). Let v(s) = 2*s**2 + 3*s + 6. What are the prime factors of v(j)?
2, 5
Let s(w) = -w**3 + 8*w**2 + w + 1594. List the prime factors of s(0).
2, 797
Let q(z) = -13*z - 29. Let k(r) = -14*r - 28. Let c(p) = 6*k(p) - 5*q(p). What are the prime factors of c(-10)?
167
Suppose -56 - 58 = -3*v. Suppose -2*u + v = -2*n - 2*n, 2*u - 5*n - 37 = 0. Let b = u + -17. What are the prime factors of b?
2
List the prime factors of (-36)/6 + (106 - 10).
2, 3, 5
Let g = 0 - 0. Let v(n) = -3*n**3 - n + 7*n**3 + 14 - 3*n**3. What are the prime factors of v(g)?
2, 7
Suppose q - 9 = a, 0*q = 5*q + 2*a - 10. Let k = 3 - 0. Suppose q*n + k*x - 59 = 2*n, -n + 40 = 5*x. List the prime factors of n.
5
Let f be ((0/2)/(-3))/(6 - 4). Let o(m) = m**2 + 4*m + 36. List the prime factors of o(f).
2, 3
Let w be (-1 - 0)*-1 - -6. Let z = -2 + w. Suppose z*x - 6*x = -20. What are the prime factors of x?
2, 5
Let c(v) 